/3 - (-20)/(-30) - -34. Calculate the greatest common factor of q and 40.
10
Let w = -2 + 4. Let v be 0 - (w/2 - 15). Suppose 0*x = x - 7. What is the greatest common divisor of x and v?
7
Let f(c) = 5*c - 9. Let g(s) = 9*s - 17. Let v(x) = 7*f(x) - 4*g(x). Let w be v(0). Calculate the highest common factor of 5 and w.
5
Let k be 48/9 + 6/9. What is the greatest common divisor of k and 18?
6
Let a(o) = o**3 - o**2 - 4*o. Let v be a(3). What is the highest common factor of 3 and v?
3
Let b = -212 + 311. Calculate the highest common factor of b and 9.
9
Suppose 0 = 4*m + 8*m - 204. What is the highest common factor of m and 136?
17
Suppose -30 = -2*m + h + 83, 4*m = 5*h + 241. Let d be -1 - (-1)/(1/19). What is the greatest common factor of m and d?
18
Let l(p) = 6*p**2 - p + 1. Let y be l(1). Let z = 3 + y. What is the highest common divisor of z and 45?
9
Let w = -47 + 63. Let y = 1 - -4. Suppose 3*p + 16 = y*p. Calculate the greatest common factor of w and p.
8
Suppose 0 = 4*u - 4*m - 912, 0*u + 4*u = 3*m + 915. What is the greatest common divisor of u and 21?
21
Let j(r) = -r**3 + r**2 + 5*r + 4. Let a be j(-4). Suppose 2*v - 3 = 5. Let c be 4*(-4 + v + 2). Calculate the greatest common divisor of c and a.
8
Let h = 6 + -8. Let j be (2 - (6 + h)) + 2. Suppose j = -3*f + t + 24, 4*f + 3*t + 2*t = 13. Calculate the highest common factor of f and 21.
7
Let l = 13 + -8. Suppose 6 = 2*s - 0*s. Suppose -l*n + 294 = -s*n. What is the highest common factor of n and 21?
21
Let v = 7 - 5. Suppose 0 = 4*m - 2*m - v. Let t be (0 - -14 - 1) + m. Calculate the greatest common factor of t and 28.
14
Let k be (-9)/(-15) - 308/(-20). Let g be ((-40)/6)/(-3*(-1)/(-18)). What is the highest common factor of g and k?
8
Suppose 0 - 5 = -5*i. Suppose -i + 69 = 2*y. Calculate the greatest common divisor of y and 85.
17
Let y = -50 - -98. Let h = -157 - -163. What is the highest common factor of h and y?
6
Suppose 0*t - 25 = -2*r + t, -25 = -5*t. Calculate the greatest common divisor of 60 and r.
15
Suppose -2*j = -4*j. Suppose -3*f + 13 + 2 = j. Suppose 0 = -2*w + p + 40, w - 4*w + f*p = -74. What is the highest common divisor of w and 2?
2
Suppose -2*b = -6*b + 8. Suppose 2 - 7 = -x. What is the greatest common factor of x and b?
1
Suppose 0 = 3*c - 5*c. Let k be -2 - 0/(-3 + 1). Let g be k*(-1 + (0 - c)). Calculate the greatest common divisor of g and 2.
2
Suppose 3*v - 4*o = o + 38, -3*o + 120 = 5*v. Calculate the highest common factor of v and 231.
21
Suppose 0 = 2*j + 6, j - 4*j = -5*b - 16. Let q(v) = 49 - 49 + 4*v + 4*v**2. Let o be q(b). What is the greatest common factor of 32 and o?
16
Let l(f) = -12*f + 5. Let y be l(-5). Let q = 7 - 4. Suppose 4*b - q*b = 26. What is the highest common factor of y and b?
13
Suppose 2*y = -2*y + 276. Let t = 0 + y. Calculate the greatest common divisor of 46 and t.
23
Suppose 6*n - 141 - 99 = 0. Calculate the highest common factor of n and 20.
20
Let u = -43 - -70. Let r(d) = -d**3 + 3*d. Let p(h) = h**3 - 5*h**2 - 6*h - 3. Let m be p(6). Let g be r(m). Calculate the highest common divisor of g and u.
9
Suppose 34 = 12*v - 86. What is the highest common factor of 30 and v?
10
Let g(j) = 2*j**2 + 23*j - 3. Let h be g(-17). What is the greatest common divisor of h and 23?
23
Suppose 4*m - 24 = -4*r, -2*r + 3*m = 3*r - 6. Let g be 54/8 - r/(-12). What is the highest common divisor of g and 1?
1
Let z(p) = 22*p**2 - 2*p + 4. Let b be z(-3). Let o = b - 142. Let w = -8 - -14. Calculate the greatest common factor of w and o.
6
Suppose -4*d + 2*k + 4 = 0, 2*k - 1 = d + 1. Suppose -2*a - d*u = -12, -a = 2*a + 2*u - 15. Suppose 14 + 82 = a*p. What is the highest common factor of p and 4?
4
Let h be (-15)/(-30) + 33/2. Let x be 18/4*(-10)/(-15). Suppose -z - x = -37. Calculate the highest common factor of h and z.
17
Suppose 0 = 5*q - 4*q - 126. Let c be 3*4/(-6) + 4. Suppose -p - 3*w + 2*w = -16, 0 = -2*p + c*w + 24. Calculate the greatest common factor of q and p.
14
Let s(v) = v**3 + v. Let g be s(1). Let x = -1 - -6. Suppose g*o = -4*q + 192, x*q - q = 5*o + 192. What is the greatest common divisor of q and 120?
24
Suppose -2*v + 15 + 13 = 0. Calculate the highest common divisor of 28 and v.
14
Let c = 173 + -96. Let p be (-4)/(-8)*(0 + -76). Let b = p + c. Calculate the highest common divisor of b and 13.
13
Let l be (-4 + 0)*(-45)/5. What is the greatest common factor of 18 and l?
18
Let z(m) = -5*m - 14. Let w be z(-5). What is the highest common divisor of w and 77?
11
Suppose -3*q + 76 + 56 = 0. Calculate the highest common factor of q and 4.
4
Suppose -2*a + 4 = -4. Suppose -a*x + 1 = -43. Let w be 1110/25 - 4/10. Calculate the greatest common divisor of w and x.
11
Let a be (-2)/(-1) - (-690)/6. Calculate the greatest common divisor of a and 13.
13
Suppose -h - 6*h + 168 = 0. Let b(d) = -d**3 - 4*d**2 + 5*d + 4. Let u be b(-5). What is the highest common factor of u and h?
4
Let z be 1/(-1) - (-17 + -14). Calculate the greatest common divisor of z and 12.
6
Let v(f) = 27*f**2 - f. Let q be v(1). Let t be 6/(-18) + q/6. What is the greatest common factor of 20 and t?
4
Suppose -3*o = -14 + 59. Let r = o - -26. Suppose 0*n + 2*n - 62 = -3*d, -4*n + 58 = 3*d. Calculate the highest common factor of r and d.
11
Suppose -2 = -o + 3. Suppose 36 = y + i, -2*y + o*i = -31 - 69. Calculate the greatest common factor of y and 5.
5
Let r = -1 - -9. Let f = -5 + r. Let p(u) = 6*u + 3. Let h be p(4). Calculate the highest common divisor of f and h.
3
Let r be 6/(-5)*40/(-3). Suppose 2*o - 3 = 3*y + 7, -r = -3*o + 5*y. Suppose -3*q + 10 = 4. Calculate the greatest common factor of o and q.
2
Suppose 0 = u - 4*k + 20, 3*k = 4*u + 11 + 30. Let a be 2 + -4 + (u - -1). Let t be ((-20)/6)/(3/a). Calculate the greatest common divisor of 80 and t.
10
Let w be 2/(20/6)*-5. Let d = w + 7. Calculate the highest common divisor of d and 44.
4
Let t(g) = g**3 + 4*g**2 - 2*g + 9. Let d be t(-3). Calculate the greatest common factor of d and 18.
6
Suppose 3*z - 33 = -2*o + 18, -o + 26 = 2*z. Calculate the highest common divisor of o and 48.
24
Let k = 249 + -168. Let p(r) = 4*r - 2. Let c(m) = m. Let f(y) = 5*c(y) - p(y). Let v be f(7). What is the greatest common divisor of k and v?
9
Let f = 17 - 5. Let i be (-2)/6 + 52/f. Suppose -i*x + 8 = -4. Calculate the highest common factor of 6 and x.
3
Let y(j) = j**2 - 7*j - 9. Let x be y(9). Calculate the greatest common divisor of 18 and x.
9
Suppose -4*b = -y + 26 + 12, -5*b - 5*y - 35 = 0. Let z(r) = -10*r. Let t be z(b). What is the greatest common factor of t and 10?
10
Let c = 34 + -10. What is the greatest common factor of c and 72?
24
Suppose z = 3*r - 3*z - 44, -96 = -5*r + z. What is the greatest common factor of 50 and r?
10
Let f be (-3)/9 + (-38)/(-6). Let a = 103 - 73. What is the greatest common factor of f and a?
6
Let p(x) = -x**3 - 11*x**2 - x + 5. Let q be p(-11). Let k be (16/(2/1))/(-1). Let a be (q/6)/(k/(-12)). Calculate the greatest common divisor of a and 12.
4
Suppose -4 = 4*q - 4*i, -3*i = 4*q - 7 - 10. Suppose -291 = -4*t + 3*k, -q*t + 3*k + k = -138. Calculate the greatest common divisor of 30 and t.
15
Suppose 4*t - 16 = 4*g, t - 3*t - 3*g - 12 = 0. Suppose t = -2*k + 3*k - 24. Suppose 5*j + k - 64 = 0. Calculate the highest common factor of j and 12.
4
Let z = 5 + -7. Let k(h) = -9 + h + 8 - h - 2*h. Let y be k(z). What is the highest common divisor of 24 and y?
3
Let m = 0 - 4. Let h(y) = -y**3 - 3*y**2 + 2*y + 2. Let d be h(m). Calculate the greatest common divisor of d and 10.
10
Suppose 14 = 5*h - 3*z, 5*h - 2*z + 3 = 19. Let y be 1/h - 215/(-4). What is the highest common factor of y and 6?
6
Suppose -4*a + 2*u + 92 = 0, -u + 6 = 2*u. Suppose 0 = s - 4 - 4. Let w(y) = y - 2. Let h be w(s). Calculate the highest common divisor of a and h.
6
Let i(t) = t**3 - 8*t**2 + 6*t - 7. Let o be i(7). Let k be (-196)/(-7) - (1 - -2). Let m = k + o. What is the greatest common factor of m and 11?
11
Let s = 3 + 2. Suppose 4*w - 20 = -s*d, 2*w + 0*d - 10 = 4*d. Calculate the highest common divisor of w and 5.
5
Let o be 2/1*15/6. Suppose o*u = 502 + 398. Suppose 0 = -2*k + 7*k - u. Calculate the highest common factor of 24 and k.
12
Suppose -4*h = 4*x - 24, 2*x = 2*h - 2*x + 1